0*j - 3*j + 7 = -5*n. Suppose 5*g = 4*t + 799, -j*g + t = 5*t - 668. List the prime factors of g.
163
Let a(t) be the second derivative of 17/20*t**5 + 0 + 1/6*t**4 + 0*t**3 - 1/2*t**2 - 24*t. What are the prime factors of a(1)?
2, 3
Suppose -103*s + 1369264 = -123170 - 783763. List the prime factors of s.
7, 11, 41
Let x = 2327 + -1235. Suppose -4*s + 18*s = x. Let q = s - 5. List the prime factors of q.
73
Let d(q) be the second derivative of 13*q**4/12 - 2*q**3 + 27*q**2/2 - 50*q. Let g(y) be the first derivative of d(y). List the prime factors of g(9).
2, 3, 37
Suppose -1 - 1 = -f. Suppose -9 = 14*y - 17*y. What are the prime factors of (f - y - 351)*(-2)/4?
2, 11
Let g(y) = 10*y - 66*y + 20*y + 8*y + 17*y - 6. What are the prime factors of g(-22)?
2, 59
Let r(s) = 1466*s**2 + 951*s + 2843. List the prime factors of r(-3).
2, 103
Let z(r) = -94*r - 11. Let o be z(-5). Let a = -321 + o. Suppose 21*g + a = 27*g. List the prime factors of g.
23
Suppose -21748 - 21503 = -21*b - 18*b. List the prime factors of b.
1109
Let c(g) = 35*g**2 - 13*g + 96. Let x(q) = 12*q**2 - 4*q + 31. Let v(z) = -2*c(z) + 7*x(z). List the prime factors of v(-6).
541
Let v(i) = 14*i - 46. Let s be v(-10). Let w = -49 - s. Suppose w = 4*l - 387. List the prime factors of l.
131
Let r = 4489 - 798. What are the prime factors of r?
3691
Let l(c) = c**3 + 4*c**2 - 15*c + 4. Let s be l(3). What are the prime factors of 4/s - (346194/(-99))/6?
11, 53
Suppose 0 = 3*b - 12*a - 197793, -5*b + 5*a + 329727 = 3*a. List the prime factors of b.
7, 9421
Let i be 2/(2 - (-6)/(-4)). What are the prime factors of i - (-7 - (2 + -6))?
7
Let w = 36052 - 15087. What are the prime factors of w?
5, 7, 599
Let p = -94 - -95. List the prime factors of p - -113*(0 - (-10 + 5)).
2, 283
List the prime factors of ((35640/(-42))/15)/((-1)/140).
2, 3, 5, 11
Let o = 25410 + -13205. List the prime factors of o.
5, 2441
Suppose a + 2*d = -a + 6, 0 = -2*a + 5*d - 15. Suppose 40 = 3*j - j - 4*i, a = 2*j - i - 25. Suppose j*u - 3*u = 1022. What are the prime factors of u?
2, 73
Let n(s) = s**3 + 11*s**2 - 2*s - 21. Let a be n(-11). List the prime factors of 2/a + (373 - 17).
2, 179
Let x(q) = -21*q**3 - 20*q**2 - 92*q + 57. List the prime factors of x(-8).
5, 2053
Suppose y = -5*a + 18, -4*a - 24*y + 29*y + 26 = 0. Suppose -4*i + 2096 = a*i. What are the prime factors of i?
2, 131
Let b(k) = 202*k**2 + 23*k - 41. List the prime factors of b(4).
7, 67
Suppose -5*m - 2*q = -7*q + 10, -m = -2*q + 4. Let c = m - -9. Suppose c + 0 = p. List the prime factors of p.
3
Suppose 5*g + 321 + 169 = -5*h, -284 = 3*g + h. Let k = -103 - g. List the prime factors of (k - -17)/(1/25).
5, 7
Let c = 19 - 14. Suppose -c*f - 5 - 45 = 0. Let m(v) = v**3 + 11*v**2 + 6*v + 3. List the prime factors of m(f).
43
Let z = 1142 + -659. Suppose z = 9*h + 69. Suppose 3*p + h - 160 = 0. List the prime factors of p.
2, 19
Let j = 13384 + -8800. List the prime factors of j.
2, 3, 191
Let w = -371 - -410. Suppose w*t - 31*t = 1808. What are the prime factors of t?
2, 113
Suppose 5733 = -6*p + 17*p - 103409. What are the prime factors of p?
2, 11, 41
Let h(k) = -63*k - 312. Suppose 92 = -4*w - 20. List the prime factors of h(w).
2, 3, 11
What are the prime factors of 4276911/34*(-10)/(-15)?
17, 4933
Suppose -g = -0*g + 4*g - 11385. What are the prime factors of g?
3, 11, 23
Let a(m) = 119*m**3 + 2*m - 2. Let i be a(1). Suppose o - 5*b = -62, o + 0*o - b = -78. Let y = o + i. List the prime factors of y.
37
Let l be (7 - -2) + -1 + -2. Suppose -5*v - l*v = -16*v. List the prime factors of (-50 + v)/((-2)/4).
2, 5
Let q(a) = -a**3 - 7*a**2 - 8*a + 4. Let g be q(-5). Let n(k) = -k**3 + 6*k**2 + 15*k + 10. List the prime factors of n(g).
2, 11
Let u(m) = 288*m**2 + 71*m + 236. List the prime factors of u(-13).
3, 5, 7, 457
Let h be (0 - -2) + (4 - (2 + -2)). Suppose 2*c + 5*b = 253, h*b - b = c - 119. List the prime factors of c.
2, 31
Suppose 2729 = r + 3*g, -15929 + 2271 = -5*r - 2*g. List the prime factors of r.
2, 683
Let m = 140 + -84. Let s = m - -115. What are the prime factors of s?
3, 19
Let k be -2*5/(50/(-5305)). Suppose -3*c = 5*w - 1310, 3*w - 5*c + k = 7*w. List the prime factors of w.
7, 37
Let t(b) = 7*b**2 - 20*b - 4233. List the prime factors of t(66).
3, 17, 163
Suppose -5*c - 47788 = -3*p, 13*p + c = 14*p - 15930. What are the prime factors of p?
89, 179
Let v(w) = -31 - 5 + 13 + 48*w. List the prime factors of v(4).
13
Let l(j) = 7*j**2 - 5*j - 69. Let d(y) = -6*y**2 + 4*y + 69. Let t = 39 - 34. Let m(f) = t*l(f) + 6*d(f). List the prime factors of m(0).
3, 23
Suppose 4521 = 13*c - 89664. Suppose 2898 = 2*q + 2*s, 5*s + c = -q + 6*q. What are the prime factors of q?
3, 7, 23
Let m = 76280 - 40992. What are the prime factors of m?
2, 11, 401
Suppose 0 = -2*r + 3*r + 40. Let w = r + 42. List the prime factors of 6/(-4) + (452/8 - w).
53
Suppose -5*l - 2*o + 5272 = 0, l - o - 2*o = 1068. Suppose -5*p = n - 3*n + l, 0 = -p. What are the prime factors of 4 - (n/(-4) + 4)?
2, 3, 11
Let u be (-57)/(-76) + 16342/(-8). Let n = -1454 - u. Suppose 2*q + 2*q = -2*t + n, 0 = -q - 3*t + 137. What are the prime factors of q?
149
Let b(u) = 12*u**2 + 23*u - 43. Let q be b(7). Suppose 3*c + d - q = 0, -12*c + 7*c = -d - 1190. What are the prime factors of c?
3, 79
Let f(v) = -13*v + 5. Let b be f(-10). Suppose 4*p - 3*y - 501 = -0*p, -b = -p + 4*y. What are the prime factors of p?
3, 41
Let x = 906 - -10722. List the prime factors of x.
2, 3, 17, 19
Let a be (-6)/(-6 + -3 + 7). Suppose -3*q = 4*n - 162, 115 = a*n - 4*q + 3*q. List the prime factors of n.
3, 13
Let c = -801 + 3188. Suppose -c = -9*o + 2221. What are the prime factors of o?
2
Let f(d) = d - 2. Let x be f(11). Let i be (-3 - (1 + -3))*(106 - x). Let u = i + 174. List the prime factors of u.
7, 11
Suppose 5*h = 2*k - 8, -h - 16 = -2*k - 2*k. Let a be -2*2 + (0 - (2 + h)). What are the prime factors of 1/(-2)*13*a?
3, 13
Let z = 8052 + -8009. What are the prime factors of z?
43
Let q(z) = -2*z + 9. Let u be q(6). Let x(t) = 4*t - 24. Let l(s) = s - 3. Let i(y) = -22*l(y) + 2*x(y). List the prime factors of i(u).
2, 3, 5
Let x(m) = 100*m + 4251. What are the prime factors of x(36)?
3, 2617
Suppose 0 = -d - 1, -3*z + 4*d + 17 - 7 = 0. Let g = 25 + -21. Suppose 3*r - 3*a + z*a = 947, -1261 = -g*r + a. List the prime factors of r.
2, 157
Suppose 39*h - 42*h + 4143 = 0. Suppose i = 3*b - h, 4*i - 3*i = 5*b - 2305. Suppose 4*d + 66 = b. What are the prime factors of d?
3, 11
Let s(g) = 57*g**2 - 23*g - 119. List the prime factors of s(16).
5, 7, 13, 31
Let h(a) = 938*a**3 + a - 1. List the prime factors of h(1).
2, 7, 67
Let m(u) = -179*u - 21. Let r be m(-3). Suppose z + 3*c = 172, z = -2*z + 3*c + r. List the prime factors of z.
2, 43
Let h(l) = 155*l**2 - 12*l - 113. What are the prime factors of h(-9)?
2, 5, 251
Suppose 480*p - 581*p + 1510556 = 0. List the prime factors of p.
2, 3739
Let k = 88269 - 41177. List the prime factors of k.
2, 61, 193
Let g(q) = -5*q - 28. Let t be g(-7). Suppose 8*f = t*f + 5. Suppose a - 170 = -4*u, -3*a + 0*a - f*u = -524. What are the prime factors of a?
2, 89
Let q(p) = -2 + 11*p - p**2 - 2 - p**2 - 2. Let d be q(5). List the prime factors of (-15)/(-6) + d/(-2) - -23.
2, 13
Suppose 20 = -k - 40. Let s = k - -50. What are the prime factors of (-1)/((4 - 3)/s)?
2, 5
Let i = -4221 - -6160. List the prime factors of i.
7, 277
Let r = 130 - 123. Let z(i) = i**3 - 3*i**2 + 18*i - 10. What are the prime factors of z(r)?
2, 3, 13
Let s = 48 + -24. Let p = -40 + s. What are the prime factors of 2/((-64)/(-3108)) + 2/p?
97
Suppose -29*c = 91*c - 1707480. List the prime factors of c.
3, 17, 31
Suppose 0 = 1297*h - 1303*h + 66240. What are the prime factors of h?
2, 3, 5, 23
Let n(i) = 2*i**2 + 14*i - 22. Let s be n(-7). What are the prime factors of 2 + ((-3516)/s - 10/(-55))?
2, 3
Let t be (0/(-1))/(2 - -1) + -5. Let x be (-1)/1 - (t - 238). Suppose -3*d + 4*y = -x, 5*d - 277 = -3*y + 136. What are the prime factors of d?
2, 41
Let u(z) = z**2 - 77*z - 984. List the prime factors of u(102).
2, 3, 29
Suppose 5988*j - 70908 = 5982*j. List the prime factors of j.
2, 19, 311
Let v be (15/20)/(12/64). Suppose 0 = -3*f + 4*c + 378 - 26, 0 = 3*f + v*c - 